 4?
1
Let g be (-1)/7 + 3132/(-28). Let i be (-2)/7 + (-928)/g. Calculate the highest common factor of 8 and i.
8
Suppose 0 = 12*s - 16*s + 492. Calculate the highest common divisor of s and 3.
3
Let c be 186/(-24)*-4*(0 + 1). Suppose 5*v - c = 4. Calculate the highest common divisor of 28 and v.
7
Suppose -298 - 62 = -6*n. What is the greatest common factor of 20 and n?
20
Let y(r) = r + 11. Let i be y(0). Suppose i*b + 80 = 16*b. What is the highest common factor of 112 and b?
16
Let r = -98 - -148. Let g be (24/(-20))/((-6)/100). What is the highest common divisor of r and g?
10
Let k be (-55)/(-2)*(-36)/(-90). Let n be 3*(117 - 3) + -1. What is the highest common factor of n and k?
11
Suppose -9*b + 102 + 438 = 0. Calculate the greatest common divisor of b and 160.
20
Suppose 4*b - 2009 + 605 = 0. Calculate the greatest common divisor of 6 and b.
3
Let c(l) = -4*l**3 - 2*l**2 + 9*l + 21. Let r be c(-2). What is the greatest common divisor of r and 144?
9
Suppose -5 = 5*x - 0, b + 3*x + 18 = 0. Let y be (10/b)/((-4)/78). Calculate the greatest common factor of 104 and y.
13
Suppose 0 = 5*a - 0*a - 755. Suppose -a + 216 = 5*u. Suppose -5*i = 4*j - 707, -i + 5*j = -4*i + 419. What is the highest common factor of u and i?
13
Let t = 141 - 107. Calculate the greatest common divisor of 2 and t.
2
Let l = 436 - 423. Suppose -2*h = 3*h - w - 980, -h - 4*w + 175 = 0. Calculate the greatest common factor of l and h.
13
Suppose -23 = -4*p + 29. Let q = p - 4. What is the highest common factor of 9 and q?
9
Suppose 16*c - 20*c = -312. What is the highest common divisor of 104 and c?
26
Let g be (216/60)/((-2)/(-95)). What is the greatest common divisor of 9 and g?
9
Suppose -37*u + 38*u - 19 = 0. Calculate the greatest common factor of u and 304.
19
Let f(k) = k**2 - k + 19. Let o be f(-5). Let a = 50 - o. Calculate the greatest common factor of 2 and a.
1
Suppose 3*p - 4*l = 5827, -3*l = 2*p - 4676 + 814. What is the highest common factor of p and 13?
13
Let j(z) = -z**2 - 3*z + 20 - 5 + 2*z - 9*z. Let y be j(-9). Suppose -9*u = -12*u + y. What is the highest common factor of 4 and u?
4
Suppose 5*w - 6 = -3*c, 2*c = 5*w + 4*c - 9. Suppose -w*d = -462 + 186. Suppose -d = -q - 0*q. What is the greatest common factor of q and 23?
23
Let q = -3 + 12. Let p(f) = -4*f**3 - 25*f**2 - 11*f - 6. Let u be p(-6). What is the highest common divisor of q and u?
3
Let r be (-2411 + -21)/(-2 + 0). Calculate the highest common factor of r and 38.
38
Let j(y) = 10*y + 9. Let u be j(8). Let b be (-3 - 1) + u + -4. Let a = -36 + 63. What is the greatest common divisor of b and a?
27
Suppose -5*c + 4*f = -6, 0 = 4*c - 2*f + 3 - 9. Let l be -242*(3/c - 2). What is the highest common factor of 11 and l?
11
Let m(o) = -o + 5. Let n be m(3). Let i(s) = -2*s**2 + 17*s - 17. Let x be i(7). Suppose -l - x = -n*l. Calculate the highest common divisor of l and 2.
2
Let p(o) = 21*o + 5. Let z(r) = -r + 1. Let u(c) = -p(c) + 6*z(c). Let f = 27 + -28. Let d be u(f). Calculate the greatest common factor of 4 and d.
4
Let x be (1062/63 - 16)*(-1 - -141). Calculate the greatest common divisor of 195 and x.
15
Let p = -250 + 275. What is the greatest common factor of p and 275?
25
Suppose -2559 - 2313 = -8*v. Let f be (-2)/(-4) + v/58. What is the highest common factor of f and 11?
11
Suppose 0 = r + 5*j - 195, 14*r - 13*r + j = 183. What is the greatest common factor of r and 405?
45
Let k be (45/20*-1 - -6)/(9/156). Let n be 1/(-2)*-2*26. Calculate the highest common factor of k and n.
13
Let d be 6/((4 - 2)/2). Let k be 45/30*4/d. What is the greatest common divisor of 23 and k?
1
Let h(f) = 23*f + 436. Let v be h(-18). Calculate the greatest common factor of 176 and v.
22
Suppose 0 = -2*i + 4*h + 46, -i + h = -4*i + 62. Let u = 25 - i. Calculate the highest common factor of u and 10.
2
Let h(c) = 7*c**2 + 4*c - 5. Let f be h(-4). Let y = -33 + 22. Let b = y + 24. What is the greatest common factor of b and f?
13
Let z(q) = -2*q**3 + 2*q**2 - 6*q - 6. Let l be z(-3). Let u = -68 + l. Calculate the greatest common factor of 128 and u.
16
Suppose 2*r = -x - 2*r + 43, x - 4*r = 67. Let c be (-1)/(-3) + x/15. Suppose -c*v - 20 = 0, 5*d + v = 6 + 14. What is the highest common divisor of d and 35?
5
Let z = -990 - -993. Calculate the highest common factor of z and 76.
1
Let i(n) = n**3 - 8*n**2 + 11*n - 5. Let a be i(7). Suppose -p + 1 = -a. Calculate the highest common factor of 72 and p.
24
Let z be (-18)/(-4) + (-21)/(-14). Let v(q) = q**2 - 6*q + 7. Let n be v(z). Calculate the greatest common divisor of n and 14.
7
Suppose 2*s = -c + 42, -129*c + 131*c - 54 = 2*s. Calculate the greatest common factor of c and 16.
16
Let l be (16/(-16))/(-2 + 19/10). What is the highest common factor of l and 215?
5
Let x be 6*1*(1 + 3). Let o(y) = y**3 - 16*y**2 + 40*y - 10. Let q be o(13). Calculate the greatest common divisor of q and x.
3
Let y be 310/(-2)*(-14)/70. Calculate the highest common divisor of y and 217.
31
Suppose -38*x = -29*x - 360. Calculate the greatest common divisor of 680 and x.
40
Let a(m) be the first derivative of -3*m**2/2 - 33*m - 34. Let j be a(-13). What is the greatest common divisor of j and 30?
6
Let j be (25/15)/((-15)/(-18)). Suppose z - 28 - 6 = 2*w, -5*z + j*w = -154. Calculate the greatest common divisor of 6 and z.
6
Let v = 147 + -48. Calculate the greatest common divisor of v and 18.
9
Let c be ((-6)/(-15))/(1/(-55)). Let k be 276/66 - (-4)/c. Suppose 0 = -0*g + k*g - 5*w - 41, -2*w = -6. What is the highest common factor of 154 and g?
14
Suppose -4*k = g - 45, -3*g + 108 = -4*k - 59. Let r = g - 26. Calculate the highest common factor of r and 9.
9
Let d be -2 + 179 - (5 + -8 - 0). What is the greatest common factor of 90 and d?
90
Suppose -9 = -4*z + 39. Let t be 112/10 + (-164)/(-205). What is the highest common divisor of z and t?
12
Let i = -9 - -13. Suppose 0 = 4*r - 16 + i. Suppose -6*y = -r*y - 36. What is the highest common factor of 60 and y?
12
Let s be ((-4)/10)/((-13)/(-1885)). Let n = -10 - s. What is the highest common factor of n and 16?
16
Suppose -h - a + 3 = -24, -2*a - 10 = 0. Suppose -4*b + 10*b - 1344 = 0. What is the highest common factor of b and h?
32
Suppose 0 = -3*t + 5*t + 8, -4*c = -4*t - 384. Let k be (1 - 70)*2/(-6). What is the greatest common divisor of c and k?
23
Let s(r) = -3*r + 19. Let b = -2 + 34. Let p(n) = 20*n - 124. Let j(l) = b*s(l) + 5*p(l). Let k be j(12). Calculate the highest common factor of k and 4.
4
Suppose -4*m - 13 = -3*g + 9, 2*g + 4*m = 8. Let s be (-4)/g - 34/(-6). Suppose -83 = -s*z + 17. Calculate the greatest common factor of 180 and z.
20
Let f be (-3)/((-482)/238 + 1 + 1). What is the greatest common divisor of 17 and f?
17
Let g be (-152)/(-40) - (-1)/5. Suppose c = o - 64, -g*o + 83 = c - 188. Let w = -39 + o. What is the greatest common factor of 84 and w?
28
Suppose -5*f + 16 = -f. Suppose 2 = -4*h + o + 17, 0 = -f*h - 4*o. Suppose 0 = -h*t + 10 + 20. Calculate the greatest common factor of 15 and t.
5
Let z(r) = 4*r**2 - 237*r + 133. Let a be z(63). What is the greatest common divisor of a and 196?
98
Let n(l) = -l**2 + 12*l - 21. Let c be n(11). Let a be 1/(1 + 9/c). What is the greatest common divisor of a and 4?
2
Suppose 5*g - 2486 + 656 = 2*k, g - 2*k - 358 = 0. Calculate the highest common divisor of 23 and g.
23
Let p = 30 - 39. Let k be (-2)/((-1)/(p/8) - 1). What is the highest common divisor of 126 and k?
18
Let f(c) = 7*c**2 - c. Let q be f(-1). Calculate the greatest common factor of 56 and q.
8
Let r(x) = 4*x**2 - 8*x - 1. Let k be r(5). What is the greatest common divisor of 118 and k?
59
Let u(o) = o**3 - 11*o**2 - 15*o + 60. Let k be u(12). What is the greatest common divisor of k and 216?
24
Let m = -129 + 201. Calculate the highest common factor of 40 and m.
8
Let u be (25/2 - -4)*2. Suppose g - 53 = -4*y, 3*y = -4*g + 10 + u. Calculate the greatest common factor of 52 and y.
13
Let b(m) = -m**3 - 10*m**2 + 7*m - 36. Let h be b(-11). Suppose -644 - 276 = -h*z. What is the highest common divisor of z and 23?
23
Suppose 0 = -3*t - 9, 0 = 4*m - 3*t - 21 - 0. Suppose 3*x = -6 - 3, -m*x + 35 = o. What is the greatest common factor of o and 22?
22
Let p = 126 - 85. Suppose 0 =